 + 13 + 0*l**3 - l. Suppose v = z, 0*z - v = -3*z. Is i(z) a composite number?
False
Let w(u) = u. Let m be w(2). Suppose 0 = 5*o, q + 5*o = 2*q - m. Suppose -209 = -y + i + i, 2*i - 424 = -q*y. Is y a prime number?
True
Suppose -7*v + 16 = -3*v. Suppose u = 6*u + 3*w + 194, -v*w + 62 = -2*u. Let m = u + 68. Is m prime?
True
Let q(i) = -4*i**2 - 5*i - 4 - 4*i**3 - 1 + 7*i**3 - 4*i**3. Suppose -z = 9 - 3. Is q(z) a composite number?
False
Let o = 21794 + -6871. Is o prime?
True
Let k be (-1)/1 + (2 - -4). Suppose -2*u + 196 = -4*d - 316, 2*u - k*d - 509 = 0. Is u a composite number?
True
Let v = -15 + 15. Suppose 992 = -v*p + 4*p. Suppose 2*b = 510 + p. Is b a prime number?
True
Let u(z) = -z**3 - z. Let s be (-18)/10*130/(-39). Let k(q) = -5*q**3 + 15*q**2 - 3*q - 2. Let v(b) = s*u(b) - k(b). Is v(-17) composite?
False
Let x(u) be the third derivative of -211*u**6/60 - u**4/24 - 6*u**2. Let b be x(-1). Suppose -5*p + s = -b, -5*s = -s - 8. Is p a prime number?
False
Suppose -27*d + 25*d + 8 = 0. Suppose -5*z + 10055 = -d*z. Is z composite?
True
Suppose s + 8 = 3*s, -2*s - 1956 = -4*z. Is z a prime number?
True
Is -1 + (1992650/125 - (-4)/5) prime?
False
Is 3/((-10)/(1300240/(-24))) composite?
False
Suppose 0 = 3*p + 3*b - 4578, -b + 6140 = 4*p - 6*b. Suppose o + 410 = p. Is 1/3 - o/(-6) prime?
False
Let b be 6/5*15/6. Suppose b*m = -61 + 724. Is m + (3 + 0 - 1) composite?
False
Let n = 21 + -11. Suppose 0 = 3*t + 2*t - n. Suppose -4*f - 905 = -3*g, 0 = 3*g - t*f - 1194 + 299. Is g a composite number?
True
Suppose 2233 + 31370 = 23*d. Is d a prime number?
False
Suppose -2815 = -7*c + 9883. Is c a prime number?
False
Let l = 1780 + -927. Is l composite?
False
Let n = 8 - 6. Let g be 811/n - (-9)/6. Suppose 2*s - g = s. Is s composite?
True
Suppose -3*l + 8206 = 829. Is l composite?
False
Let p(w) = w**2 - 2. Let l be p(4). Let v = 20 - l. Suppose 1262 = v*k - 4*k. Is k a composite number?
False
Let w = -605 + 2023. Suppose -11*o - w = -13*o. Is o a composite number?
False
Let w(k) = -193*k + 36. Is w(-25) prime?
True
Let n = 61 - 58. Suppose -4*q + 5051 = 3*m - 6*m, 2533 = 2*q - n*m. Is q prime?
True
Let t(l) = l**3 - l**2 - l - 34. Let r be t(0). Let h = -27 - r. Suppose -10*d = -h*d - 669. Is d a composite number?
False
Let o(b) = b**3 + 19*b**2 - 19*b + 25. Let w be o(-20). Suppose w*c - 1736 = -z + 2803, -2701 = -3*c + 5*z. Is c prime?
True
Suppose 2*x + 1 - 13 = 0. Let q = x - 3. Suppose 4*k = q*k + 59. Is k a composite number?
False
Suppose 2*q + 3*c - 7646 = 0, 20570 - 1409 = 5*q - 4*c. Is q composite?
True
Let q(i) = -137*i**3 + 4*i**2 + 6*i + 5. Is q(-3) a prime number?
False
Let b(x) = -x**3 - 25*x**2 - 67*x - 64. Is b(-27) a composite number?
False
Let c = 993 + -1844. Let f = c + 1484. Is f prime?
False
Let x(b) = b**2 - 4*b. Let i be x(4). Suppose i*g - 4*g + 2292 = 0. Is g composite?
True
Suppose -3*c + 2*a = -8*c + 14, 0 = 4*c - a - 6. Suppose 3*q - 1634 = p, 4*p = c*q - 7*q + 2746. Suppose 0 = 4*i - q - 162. Is i prime?
False
Suppose -3*m - 6 = -18. Suppose -15 = -3*i, v + m*i = 4*v - 1165. Is v a composite number?
True
Suppose -2*y = 4*u - 1486, -4*y = -u + 14 + 353. Let t = u - 160. Is t composite?
False
Let z = -14 - -17. Is -4 - ((-6)/z - 747) prime?
False
Let u(p) = p**3 + 8*p**2 + 8*p + 10. Let k be u(-7). Suppose -k*r = -r + 204. Let q = 213 + r. Is q a composite number?
True
Is 1*(25862 - ((-60)/5)/(-4)) a composite number?
True
Suppose -41*q - 3*w = -37*q - 82318, -3*q + 61732 = -w. Is q a prime number?
False
Let h(q) = -q**3 + 3*q**2 + 4*q + 5. Let c be h(4). Suppose r + 174 = -c*g, -150 = r - 5*g + 2*g. Is ((-2)/(-6))/((-1)/r) a composite number?
False
Let d = 22 + -16. Suppose d*o - 4*o - 508 = 0. Is o a prime number?
False
Let a = -6251 - -8898. Is a composite?
False
Suppose 40 - 106 = 6*a. Let y = a - -14. Suppose y*l - 2440 = -5*n, 12 + 13 = -5*l. Is n prime?
True
Let h(j) = j - 10. Let a be h(9). Is (0 - -692) + (a - 0) composite?
False
Suppose 37*u = 41*u - 77156. Is u a composite number?
False
Let l(r) = r**3 + 3*r + 3389. Is l(0) a composite number?
False
Let h(p) = 5262*p**3 - p**2. Is h(1) a composite number?
False
Suppose r + 82 = -2*r + 4*w, 4*w = -4*r - 100. Let z be 4/6*(-273)/r. Is z/(2/12*2) a composite number?
True
Suppose 502 = 3*c + 124. Is 4/(28/c + (-280)/1422) a composite number?
True
Let q be 1/(-3) + (-1045)/15. Let s be 6/4*q/(-21). Suppose 189 = 3*m + 2*g, 3*m = -g + s*g + 207. Is m prime?
False
Let y be 6/2 + 4/2. Suppose 4*k - 3*m = -180 + 3065, -4*m = y*k - 3583. Is k composite?
False
Let i(q) = -237*q - 19. Let v be i(-10). Suppose v = -7*r + 10408. Is r a composite number?
False
Let n(r) = 4*r**2. Let p = -6 - -7. Let x be n(p). Is x/14 + (-1038)/(-42) a prime number?
False
Suppose -7*i + 8572 = -25455. Is i a prime number?
True
Let f(m) = 6*m**2 + 8*m - 8. Let j be f(8). Suppose -2*r - 3*z + 305 = 0, 0*z + z = -3*r + j. Is r prime?
False
Let d(y) = 3*y**2 - 3*y + 9. Let v be d(5). Suppose -71*z + 818 = -v*z. Is z a prime number?
True
Let x(p) = 0 - 63*p**3 - 1 - 1 - 2*p + 2*p**2. Let a be x(-2). Suppose -6*o + a = -4*o. Is o a composite number?
False
Suppose -5*w = -29*w + 2328. Is w a composite number?
False
Let g = -122 + 323. Is g a prime number?
False
Suppose 3*w = 7*w - 132. Is w a prime number?
False
Suppose -3*i + 42 = 3*c, -2*i - 3*i - 10 = -3*c. Suppose 3*u = -5*o - 2 + 13, -2*u = -o + c. Is 558/27*u/(-2) prime?
True
Let j(l) = l**2 + 7*l - 6. Let t be j(-8). Suppose 0 = -s - t*s + 5*m + 727, -2*s + 490 = -2*m. Is s composite?
True
Let n(w) be the third derivative of w**4/6 + 4*w**3/3 - 5*w**2. Let p be n(14). Suppose -p = -2*t + 130. Is t composite?
False
Let c = -7359 - -11596. Is c a composite number?
True
Suppose 293381 - 71299 = 14*m. Is m composite?
True
Is 2/4 - 31176/(-16) composite?
False
Let h = 121 - 117. Suppose 0 = 4*z - 4*i - 2220, h*i + 156 = 2*z - 950. Is z a composite number?
False
Let y = -11 + 13. Suppose -r + 0*s - 4 = y*s, -3*s + 7 = -5*r. Let t = r - -15. Is t a composite number?
False
Let n = -2 - -6. Suppose 0 = -4*a - n, -a - 4*a = -v + 293. Let i = 707 - v. Is i prime?
True
Let r(x) be the second derivative of 0 + 11/12*x**4 + 9*x - 9/2*x**2 - 1/20*x**5 + 7/6*x**3. Is r(10) composite?
True
Suppose -3 = 4*p - 7. Let u be (p + 0)*183 + -2. Let r = u - 104. Is r a composite number?
True
Let w(r) = 64*r**2 - 3*r - 44. Is w(-7) a prime number?
False
Suppose 169 = 4*i - 75. Suppose 66*j - i*j - 955 = 0. Is j a prime number?
True
Let d be (6/(-12))/(3/(-6)). Let x be ((-16)/32)/(d/10). Is (699/(-9))/(x/15) composite?
False
Let r(g) = -1022*g - 53. Is r(-8) a composite number?
False
Let c(m) = -m - 1. Let t(n) = n + 1. Let p(k) = -4*c(k) - 5*t(k). Let o be p(-4). Suppose -o*w + 114 = 3*y, 4*y = y - 2*w + 113. Is y a composite number?
False
Let k = -4739 - -14248. Is k a prime number?
False
Let g(u) = -u + 2. Let w be g(-1). Suppose -w*d = 2*d - 20, 4*y - 2688 = -3*d. Is y prime?
False
Suppose 5*j = -2*t + 27167, 3*j + j - 21748 = 2*t. Is j a composite number?
True
Let f = 34 + 902. Let o = f - 527. Is o a composite number?
False
Let z = 2648 - 2471. Is z a composite number?
True
Is -1*59*(-498)/(-6)*-1 a composite number?
True
Let l be (-176624)/(-14) + (-2)/(0 - -1). Suppose -u = 3*x - 5*u - 7551, 3*u - l = -5*x. Is x composite?
False
Let a be (1 + 0)/((-21)/(-63)). Suppose 4*g = 2*o + 1432, -a*g + 6*g - 3*o - 1074 = 0. Is g composite?
True
Let v = 6 + 0. Suppose v*k - 3815 = 3667. Is k prime?
False
Let a(t) be the first derivative of 16*t**3/3 + 5*t**2 + 37*t - 15. Is a(15) prime?
False
Suppose s = -2*f + 171, f = 5*f + s - 339. Let h be (-2)/(-7) - 10/(-14). Is h - 5/((-5)/f) a composite number?
True
Suppose 7*f + 11*f - 72 = 0. Let t(m) = 15*m**3 - 8*m**2 + 14*m - 1. Is t(f) composite?
False
Let m be (-3 + 1)/(2/9). Suppose 2*w - 357 = -q - 72, -139 = -w + 3*q. Let r = m + w. Is r a prime number?
False
Let h(f) = 16*f - 8. Let j be h(-6). Let s = j - -214. Suppose 3*o - 59 = -n, 2*o - 4*o = 2*n - s. Is n composite?
False
Let s(t) = -3*t**3 + t**2 + 2*t - 2. Let y be s(1). Let a(i) = -304*i**3 + i - 1. Is a(y) composite?
True
Suppose 3*k + 4*a = 46603, -28*k = -25*k + 3*a - 46599. Is k a prime number?
False
Let c(b) = 7*b**3 - 22*b**2 - 11*b + 37. Is c(